{"id":18,"date":"2022-01-09T16:07:47","date_gmt":"2022-01-09T19:07:47","guid":{"rendered":"https:\/\/colegiosanpedrocolina.cl\/?page_id=18"},"modified":"2026-01-27T17:41:54","modified_gmt":"2026-01-27T20:41:54","slug":"inicio","status":"publish","type":"page","link":"https:\/\/colegiosanpedrocolina.cl\/","title":{"rendered":"Inicio"},"content":{"rendered":"<p>[et_pb_section fb_built=\u00bb1&#8243; fullwidth=\u00bbon\u00bb _builder_version=\u00bb4.14.4&#8243; _module_preset=\u00bbdefault\u00bb collapsed=\u00bboff\u00bb global_colors_info=\u00bb{}\u00bb][et_pb_fullwidth_image src=\u00bbhttps:\/\/colegiosanpedrocolina.cl\/wp-content\/uploads\/2026\/01\/Colegio-2.png\u00bb title_text=\u00bbColegio\u00bb use_overlay=\u00bbon\u00bb _builder_version=\u00bb4.14.4&#8243; _module_preset=\u00bbdefault\u00bb global_colors_info=\u00bb{}\u00bb][\/et_pb_fullwidth_image][\/et_pb_section][et_pb_section fb_built=\u00bb1&#8243; fullwidth=\u00bbon\u00bb _builder_version=\u00bb4.14.4&#8243; _module_preset=\u00bbdefault\u00bb background_image=\u00bbhttps:\/\/colegiosanpedrocolina.cl\/wp-content\/uploads\/2026\/01\/Diseno-sin-titulo-2.png\u00bb global_colors_info=\u00bb{}\u00bb][et_pb_fullwidth_slider _builder_version=\u00bb4.14.4&#8243; _module_preset=\u00bbdefault\u00bb background_color=\u00bbRGBA(255,255,255,0)\u00bb animation_style=\u00bbfade\u00bb link_option_url=\u00bbhttps:\/\/colegiosanpedrocolina.cl\/index.php\/lista-de-utiles-2026\/\u00bb global_colors_info=\u00bb{}\u00bb][et_pb_slide heading=\u00bb\u00datiles escolares 2026&#8243; button_text=\u00bbClics\u00bb _builder_version=\u00bb4.14.4&#8243; _module_preset=\u00bbdefault\u00bb global_colors_info=\u00bb{}\u00bb sticky_transition=\u00bbon\u00bb]<\/p>\n<p>Esta lista de \u00fatiles escolares 2026 ha sido elaborada con el objetivo de apoyar el proceso de aprendizaje de los estudiantes, asegurando que cuenten con los materiales necesarios para desarrollar sus actividades educativas de manera adecuada durante el a\u00f1o escolar.<\/p>\n<p>[\/et_pb_slide][et_pb_slide heading=\u00bbColegio San Pedro\u00bb button_text=\u00bbClics\u00bb image=\u00bbhttps:\/\/colegiosanpedrocolina.cl\/wp-content\/uploads\/2026\/01\/8872c7b5-bda4-4995-8095-4cb57c17cb26.jpg\u00bb _builder_version=\u00bb4.14.4&#8243; _module_preset=\u00bbdefault\u00bb global_colors_info=\u00bb{}\u00bb sticky_transition=\u00bbon\u00bb]<\/p>\n<p>El Colegio San Pedro es una comunidad educativa comprometida con la formaci\u00f3n integral de ni\u00f1os y ni\u00f1as, promoviendo valores, aprendizaje significativo y un ambiente seguro que favorece el desarrollo acad\u00e9mico, social y emocional.<\/p>\n<p>[\/et_pb_slide][\/et_pb_fullwidth_slider][\/et_pb_section][et_pb_section fb_built=\u00bb1&#8243; fullwidth=\u00bbon\u00bb _builder_version=\u00bb4.14.4&#8243; _module_preset=\u00bbdefault\u00bb global_colors_info=\u00bb{}\u00bb][et_pb_fullwidth_slider _builder_version=\u00bb4.14.4&#8243; _module_preset=\u00bbdefault\u00bb global_colors_info=\u00bb{}\u00bb][\/et_pb_fullwidth_slider][\/et_pb_section][et_pb_section fb_built=\u00bb1&#8243; _builder_version=\u00bb4.14.4&#8243; _module_preset=\u00bbdefault\u00bb custom_margin=\u00bb25px|||||\u00bb global_colors_info=\u00bb{}\u00bb][et_pb_row column_structure=\u00bb1_4,1_4,1_4,1_4&#8243; _builder_version=\u00bb4.14.4&#8243; _module_preset=\u00bbdefault\u00bb global_colors_info=\u00bb{}\u00bb][et_pb_column type=\u00bb1_4&#8243; _builder_version=\u00bb4.14.4&#8243; _module_preset=\u00bbdefault\u00bb global_colors_info=\u00bb{}\u00bb][et_pb_image src=\u00bbhttps:\/\/colegiosanpedrocolina.cl\/wp-content\/uploads\/2026\/01\/Calendario-2026.png\u00bb title_text=\u00bbCalendario 2026&#8243; _builder_version=\u00bb4.14.4&#8243; _module_preset=\u00bbdefault\u00bb global_colors_info=\u00bb{}\u00bb][\/et_pb_image][\/et_pb_column][et_pb_column type=\u00bb1_4&#8243; _builder_version=\u00bb4.14.4&#8243; _module_preset=\u00bbdefault\u00bb global_colors_info=\u00bb{}\u00bb][et_pb_image src=\u00bbhttps:\/\/colegiosanpedrocolina.cl\/wp-content\/uploads\/2026\/01\/informativos.png\u00bb title_text=\u00bbinformativos\u00bb url=\u00bb@ET-DC@eyJkeW5hbWljIjp0cnVlLCJjb250ZW50IjoicG9zdF9saW5rX3VybF9wYWdlIiwic2V0dGluZ3MiOnsicG9zdF9pZCI6IjExOSJ9fQ==@\u00bb admin_label=\u00bbImagen\u00bb _builder_version=\u00bb4.14.4&#8243; _dynamic_attributes=\u00bburl\u00bb _module_preset=\u00bbdefault\u00bb global_colors_info=\u00bb{}\u00bb][\/et_pb_image][\/et_pb_column][et_pb_column type=\u00bb1_4&#8243; _builder_version=\u00bb4.14.4&#8243; _module_preset=\u00bbdefault\u00bb global_colors_info=\u00bb{}\u00bb][et_pb_image src=\u00bbhttps:\/\/colegiosanpedrocolina.cl\/wp-content\/uploads\/2026\/01\/Utiles-escolares.png\u00bb title_text=\u00bb\u00datiles escolares\u00bb url=\u00bbhttps:\/\/colegiosanpedrocolina.cl\/index.php\/lista-de-utiles-2026\/\u00bb align=\u00bbcenter\u00bb admin_label=\u00bbImagen\u00bb _builder_version=\u00bb4.14.4&#8243; _module_preset=\u00bbdefault\u00bb transform_scale_linked=\u00bboff\u00bb transform_translate=\u00bb7px|7px\u00bb transform_origin=\u00bb100%|0%\u00bb custom_padding=\u00bb0px|||||\u00bb global_colors_info=\u00bb{}\u00bb][\/et_pb_image][\/et_pb_column][et_pb_column type=\u00bb1_4&#8243; _builder_version=\u00bb4.14.4&#8243; _module_preset=\u00bbdefault\u00bb global_colors_info=\u00bb{}\u00bb][et_pb_image src=\u00bbhttps:\/\/colegiosanpedrocolina.cl\/wp-content\/uploads\/2026\/01\/Galeria.png\u00bb title_text=\u00bbGaler\u00eda\u00bb admin_label=\u00bbImagen\u00bb _builder_version=\u00bb4.14.4&#8243; _module_preset=\u00bbdefault\u00bb custom_padding=\u00bb6px|||||\u00bb hover_enabled=\u00bb0&#8243; global_colors_info=\u00bb{}\u00bb url=\u00bbhttps:\/\/colegiosanpedrocolina.cl\/index.php\/galeria-2\/?et_fb=1&#038;PageSpeed=off\u00bb sticky_enabled=\u00bb0&#8243;][\/et_pb_image][\/et_pb_column][\/et_pb_row][\/et_pb_section][et_pb_section fb_built=\u00bb1&#8243; fullwidth=\u00bbon\u00bb _builder_version=\u00bb4.14.4&#8243; _module_preset=\u00bbdefault\u00bb global_colors_info=\u00bb{}\u00bb][et_pb_fullwidth_code _builder_version=\u00bb4.14.4&#8243; _module_preset=\u00bbdefault\u00bb global_colors_info=\u00bb{}\u00bb]<iframe src=\"https:\/\/www.google.com\/maps\/embed?pb=!1m18!1m12!1m3!1d3338.752582316182!2d-70.68062232355813!3d-33.194361084444495!2m3!1f0!2f0!3f0!3m2!1i1024!2i768!4f13.1!3m3!1m2!1s0x9662bb7d75920953%3A0x26cf09ce99dbd142!2sColegio%20San%20Pedro%20de%20Colina!5e0!3m2!1ses-419!2scl!4v1704710609378!5m2!1ses-419!2scl\" width=\"2000\" height=\"450\" style=\"border:0;\" allowfullscreen=\"\" loading=\"lazy\" referrerpolicy=\"no-referrer-when-downgrade\"><\/iframe>[\/et_pb_fullwidth_code][\/et_pb_section]<\/p>\n","protected":false},"excerpt":{"rendered":"<p>Esta lista de \u00fatiles escolares 2026 ha sido elaborada con el objetivo de apoyar el proceso de aprendizaje de los estudiantes, asegurando que cuenten con los materiales necesarios para desarrollar sus actividades educativas de manera adecuada durante el a\u00f1o escolar.El Colegio San Pedro es una comunidad educativa comprometida con la formaci\u00f3n integral de ni\u00f1os y [&hellip;]<\/p>\n","protected":false},"author":2,"featured_media":0,"parent":0,"menu_order":1,"comment_status":"closed","ping_status":"closed","template":"","meta":{"_et_pb_use_builder":"on","_et_pb_old_content":"","_et_gb_content_width":"","footnotes":""},"class_list":["post-18","page","type-page","status-publish","hentry"],"_links":{"self":[{"href":"https:\/\/colegiosanpedrocolina.cl\/index.php\/wp-json\/wp\/v2\/pages\/18","targetHints":{"allow":["GET"]}}],"collection":[{"href":"https:\/\/colegiosanpedrocolina.cl\/index.php\/wp-json\/wp\/v2\/pages"}],"about":[{"href":"https:\/\/colegiosanpedrocolina.cl\/index.php\/wp-json\/wp\/v2\/types\/page"}],"author":[{"embeddable":true,"href":"https:\/\/colegiosanpedrocolina.cl\/index.php\/wp-json\/wp\/v2\/users\/2"}],"replies":[{"embeddable":true,"href":"https:\/\/colegiosanpedrocolina.cl\/index.php\/wp-json\/wp\/v2\/comments?post=18"}],"version-history":[{"count":100,"href":"https:\/\/colegiosanpedrocolina.cl\/index.php\/wp-json\/wp\/v2\/pages\/18\/revisions"}],"predecessor-version":[{"id":1045,"href":"https:\/\/colegiosanpedrocolina.cl\/index.php\/wp-json\/wp\/v2\/pages\/18\/revisions\/1045"}],"wp:attachment":[{"href":"https:\/\/colegiosanpedrocolina.cl\/index.php\/wp-json\/wp\/v2\/media?parent=18"}],"curies":[{"name":"wp","href":"https:\/\/api.w.org\/{rel}","templated":true}]}}

<p>[et_pb_section fb_built=»1&#8243; fullwidth=»on» _builder_version=»4.14.4&#8243; _module_preset=»default» collapsed=»off» global_colors_info=»{}»][et_pb_fullwidth_image src=»https://colegiosanpedrocolina.cl/wp-content/uploads/2026/01/Colegio-2.png» title_text=»Colegio» use_overlay=»on» _builder_version=»4.14.4&#8243; _module_preset=»default» global_colors_info=»{}»][/et_pb_fullwidth_image][/et_pb_section][et_pb_section fb_built=»1&#8243; fullwidth=»on» _builder_version=»4.14.4&#8243; _module_preset=»default» background_image=»https://colegiosanpedrocolina.cl/wp-content/uploads/2026/01/Diseno-sin-titulo-2.png» global_colors_info=»{}»][et_pb_fullwidth_slider _builder_version=»4.14.4&#8243; _module_preset=»default» background_color=»RGBA(255,255,255,0)» animation_style=»fade» link_option_url=»https://colegiosanpedrocolina.cl/index.php/lista-de-utiles-2026/» global_colors_info=»{}»][et_pb_slide heading=»Útiles escolares 2026&#8243; button_text=»Clics» _builder_version=»4.14.4&#8243; _module_preset=»default» global_colors_info=»{}» sticky_transition=»on»]</p>
<p>Esta lista de útiles escolares 2026 ha sido elaborada con el objetivo de apoyar el proceso de aprendizaje de los estudiantes, asegurando que cuenten con los materiales necesarios para desarrollar sus actividades educativas de manera adecuada durante el año escolar.</p>
<p>[/et_pb_slide][et_pb_slide heading=»Colegio San Pedro» button_text=»Clics» image=»https://colegiosanpedrocolina.cl/wp-content/uploads/2026/01/8872c7b5-bda4-4995-8095-4cb57c17cb26.jpg» _builder_version=»4.14.4&#8243; _module_preset=»default» global_colors_info=»{}» sticky_transition=»on»]</p>
<p>El Colegio San Pedro es una comunidad educativa comprometida con la formación integral de niños y niñas, promoviendo valores, aprendizaje significativo y un ambiente seguro que favorece el desarrollo académico, social y emocional.</p>
<p>[/et_pb_slide][/et_pb_fullwidth_slider][/et_pb_section][et_pb_section fb_built=»1&#8243; fullwidth=»on» _builder_version=»4.14.4&#8243; _module_preset=»default» global_colors_info=»{}»][et_pb_fullwidth_slider _builder_version=»4.14.4&#8243; _module_preset=»default» global_colors_info=»{}»][/et_pb_fullwidth_slider][/et_pb_section][et_pb_section fb_built=»1&#8243; _builder_version=»4.14.4&#8243; _module_preset=»default» custom_margin=»25px|||||» global_colors_info=»{}»][et_pb_row column_structure=»1_4,1_4,1_4,1_4&#8243; _builder_version=»4.14.4&#8243; _module_preset=»default» global_colors_info=»{}»][et_pb_column type=»1_4&#8243; _builder_version=»4.14.4&#8243; _module_preset=»default» global_colors_info=»{}»][et_pb_image src=»https://colegiosanpedrocolina.cl/wp-content/uploads/2026/01/Calendario-2026.png» title_text=»Calendario 2026&#8243; _builder_version=»4.14.4&#8243; _module_preset=»default» global_colors_info=»{}»][/et_pb_image][/et_pb_column][et_pb_column type=»1_4&#8243; _builder_version=»4.14.4&#8243; _module_preset=»default» global_colors_info=»{}»][et_pb_image src=»https://colegiosanpedrocolina.cl/wp-content/uploads/2026/01/informativos.png» title_text=»informativos» url=»@ET-DC@eyJkeW5hbWljIjp0cnVlLCJjb250ZW50IjoicG9zdF9saW5rX3VybF9wYWdlIiwic2V0dGluZ3MiOnsicG9zdF9pZCI6IjExOSJ9fQ==@» admin_label=»Imagen» _builder_version=»4.14.4&#8243; _dynamic_attributes=»url» _module_preset=»default» global_colors_info=»{}»][/et_pb_image][/et_pb_column][et_pb_column type=»1_4&#8243; _builder_version=»4.14.4&#8243; _module_preset=»default» global_colors_info=»{}»][et_pb_image src=»https://colegiosanpedrocolina.cl/wp-content/uploads/2026/01/Utiles-escolares.png» title_text=»Útiles escolares» url=»https://colegiosanpedrocolina.cl/index.php/lista-de-utiles-2026/» align=»center» admin_label=»Imagen» _builder_version=»4.14.4&#8243; _module_preset=»default» transform_scale_linked=»off» transform_translate=»7px|7px» transform_origin=»100%|0%» custom_padding=»0px|||||» global_colors_info=»{}»][/et_pb_image][/et_pb_column][et_pb_column type=»1_4&#8243; _builder_version=»4.14.4&#8243; _module_preset=»default» global_colors_info=»{}»][et_pb_image src=»https://colegiosanpedrocolina.cl/wp-content/uploads/2026/01/Galeria.png» title_text=»Galería» admin_label=»Imagen» _builder_version=»4.14.4&#8243; _module_preset=»default» custom_padding=»6px|||||» hover_enabled=»0&#8243; global_colors_info=»{}» url=»https://colegiosanpedrocolina.cl/index.php/galeria-2/?et_fb=1&#038;PageSpeed=off» sticky_enabled=»0&#8243;][/et_pb_image][/et_pb_column][/et_pb_row][/et_pb_section][et_pb_section fb_built=»1&#8243; fullwidth=»on» _builder_version=»4.14.4&#8243; _module_preset=»default» global_colors_info=»{}»][et_pb_fullwidth_code _builder_version=»4.14.4&#8243; _module_preset=»default» global_colors_info=»{}»]<iframe src="https://www.google.com/maps/embed?pb=!1m18!1m12!1m3!1d3338.752582316182!2d-70.68062232355813!3d-33.194361084444495!2m3!1f0!2f0!3f0!3m2!1i1024!2i768!4f13.1!3m3!1m2!1s0x9662bb7d75920953%3A0x26cf09ce99dbd142!2sColegio%20San%20Pedro%20de%20Colina!5e0!3m2!1ses-419!2scl!4v1704710609378!5m2!1ses-419!2scl" width="2000" height="450" style="border:0;" allowfullscreen="" loading="lazy" referrerpolicy="no-referrer-when-downgrade"></iframe>[/et_pb_fullwidth_code][/et_pb_section]</p>

<p>Esta lista de útiles escolares 2026 ha sido elaborada con el objetivo de apoyar el proceso de aprendizaje de los estudiantes, asegurando que cuenten con los materiales necesarios para desarrollar sus actividades educativas de manera adecuada durante el año escolar.El Colegio San Pedro es una comunidad educativa comprometida con la formación integral de niños y [&hellip;]</p>
